-390*p**3 + 0 - 2*p**2 - 1770*p**3 + 1. Is m(-1) prime?
False
Suppose 4*d + 13*r = 14*r + 68255, 5*d - 3*r = 85310. Is d a composite number?
True
Let h = -21 + 340. Is h a prime number?
False
Let x(l) be the third derivative of -l**6/120 - l**5/4 - 3*l**4/4 - 8*l**3/3 + 2*l**2. Let d be x(-14). Suppose 4*w + 0*w = d. Is w prime?
False
Suppose 0*p = 3*s + p - 111, 5*s + 3*p - 189 = 0. Suppose 2*i = -4*m + 318, 3*i = 2*m + m + 432. Suppose s = -z + i. Is z prime?
True
Is -4 + (2/(4/6) - -1250) a composite number?
False
Suppose g = 2*g. Suppose g = -s - 3*s + 12. Suppose -944 - 413 = -v + 4*c, -5333 = -4*v - s*c. Is v prime?
False
Let k = 121 - 116. Suppose 2*l + 3*c = 3*l, 0 = -4*l + c. Suppose 4*t = -k*p + p + 316, l = 3*t. Is p prime?
True
Let m be (-3)/5 - 108/(-30). Suppose 4472 = 5*b - m*d, -b = -2*b - 5*d + 900. Suppose 3*p + 226 = u, 2*u = 6*u - 3*p - b. Is u a composite number?
False
Let v(m) = 10203*m - 137. Is v(6) composite?
True
Suppose 3 = -3*m - 12, 3*o - 206994 = 3*m. Is o a composite number?
False
Suppose -82*j + 684873 = -19*j. Is j prime?
False
Let l(c) = -90*c - 23. Let j = -95 + 91. Is l(j) composite?
False
Let r(n) = -2*n - 15. Let f be r(6). Let c = -28 - f. Is -2 - (4 - (-309)/c) prime?
False
Suppose -1091*b = -1093*b + 101858. Is b composite?
False
Is 706 + (-4 - -3) + -4 a prime number?
True
Suppose y - 552 = -2*y. Suppose 78 = 2*g - y. Is g prime?
True
Let k = 20 - 60. Let o = -35 - k. Suppose 0 = -o*j + d + 6134, 5*j - 4*j - 4*d - 1223 = 0. Is j prime?
False
Let i be (2/(-4))/(2/36). Let j = 12 + i. Suppose q + 5*f = 20, j*q + f = 2*f + 76. Is q a prime number?
False
Let j be ((-10)/(-3))/(6/9). Suppose 4*v - 11 = j. Is 6140/50 + v/(-5) composite?
True
Let q be (-1)/((-1)/1)*0. Let f be q*2/(-4)*2. Suppose -m = -f*m + 5*p - 318, 4*m - 2*p - 1162 = 0. Is m a composite number?
False
Let k(i) = 27*i**2 + 43*i + 35. Let q(v) = 13*v**2 + 22*v + 18. Let d(g) = -4*k(g) + 9*q(g). Is d(-15) a composite number?
False
Let f be 3 - -1*(1 + 14). Let v = 10 - f. Is -10*22/v*2 composite?
True
Let f = -5998 - -16605. Is f a composite number?
False
Let b = 39 + -34. Suppose 337 = b*t - 668. Is t a composite number?
True
Suppose -5*m + 3*b + 30 = 0, -3*m + 5*m - 12 = 5*b. Suppose -1313 - 1933 = -m*f. Is f composite?
False
Let o be 2/9 - (-16)/(-72). Suppose o*h - 39 = 3*h. Let p(a) = 2*a**2 + 18*a - 9. Is p(h) a composite number?
True
Is (-8)/28*385/(-5) a prime number?
False
Suppose -2*f = -3*l - 40 - 19, 0 = -f - 2. Let k be (-2)/7 + (-132)/l. Suppose 0 = -5*g + 2*c + 893, k*g - 5*g - 175 = 4*c. Is g prime?
True
Let w = 1414 + -1410. Let m = 8 - 5. Suppose -w*x + 4*v = 2*v - 208, m*x + 2*v = 149. Is x prime?
False
Let o = 38220 - 22669. Is o a prime number?
True
Suppose 0 = -s - s + 8. Suppose -4*k = p + p + 12, -s*p = -5*k - 2. Is (-4)/p*(-155)/(-10) a composite number?
False
Let o(x) = x**3 + 9*x**2 + x - 10. Is o(-5) a composite number?
True
Suppose -3*b - 9 = o - 42, -4*b - 4*o + 44 = 0. Let u = b + -7. Suppose -u*s + 2*s = -514. Is s a composite number?
False
Suppose 0 = -h + 11 - 3. Suppose h*w - 4509 = 1355. Is w a prime number?
True
Suppose 4*j = 3617 + 6435. Suppose j = 4*o - 3731. Is o a prime number?
False
Suppose 0*z + 3*z - 4*c - 26 = 0, 0 = -3*c + 3. Is z/(-15) + 82*(-597)/(-18) a composite number?
False
Let v = 8 + -5. Let l be 2/v - (-26)/6. Suppose 0 = l*d - 421 + 96. Is d a prime number?
False
Suppose 44*j - 1669984 = 12*j. Is j a prime number?
False
Let k(m) = m**3 + 17*m**2 + 16*m. Let o be k(-16). Suppose o*h + 179 = h. Suppose -4*r + h = -r - 4*p, -5*r = 4*p - 245. Is r a composite number?
False
Suppose -19 = -2*b + 9. Let y = 11 - b. Is (4 + y)*(59 - 2) a prime number?
False
Let b(l) = -l**2 + 29*l + 15. Let z(v) = 4*v**2 - 86*v - 44. Let p(y) = -7*b(y) - 2*z(y). Is p(-15) a prime number?
True
Suppose -l - 4*u = -7*u - 59807, 4*u + 119610 = 2*l. Is l composite?
True
Let o(s) = 0 + 2*s**2 - 10 - 4*s - 3. Let q be 632/72 - (-4)/18. Is o(q) prime?
True
Suppose -3*n = 2*v - 3017, 0 = 2*n + 2*v - 535 - 1475. Is n composite?
True
Suppose -2*o - 3*y = -45 - 11, 0 = 3*o - 5*y - 103. Suppose 5*p = 4*p + o. Let s = p - 22. Is s a composite number?
True
Let k = -2232 - -3793. Is k a composite number?
True
Suppose 2*v + 4*a - 7 - 17 = 0, -1 = 2*v - a. Suppose v*g = 3*g - 240. Let f = g - 53. Is f composite?
True
Suppose -3052 = 5*n + 138. Is 1 + (-4 - (n - -4)) prime?
True
Let o be -4*((-868)/(-16))/7. Let u = o - -35. Suppose 4 = 4*q, -194 = -s - 7*q + u*q. Is s prime?
True
Let f be 52 - (-3)/(2 - 5). Let x be (0 - 26/(-8))*-4. Let l = f + x. Is l composite?
True
Suppose 12 + 12 = 4*i. Suppose 0 = i*b - 10*b + 16. Suppose -b*l + o = 3*o - 354, -3*l + 2*o = -269. Is l a prime number?
True
Is 3 - (-3)/(24/232960) a composite number?
False
Suppose -120 = 4*o - 8*o. Suppose 4*y - 494 = o. Is y a composite number?
False
Let u(a) be the third derivative of a**5/4 - a**4/24 - 5*a**3/6 + 32*a**2. Is u(2) a prime number?
True
Suppose 5*g = -0*r + r - 138, 4*r + 123 = -5*g. Let k = g - -27. Let p(w) = -w + 113. Is p(k) composite?
False
Suppose -24 = -4*q + 72. Is 477/(-12)*q/(-9) a prime number?
False
Suppose -3*h = -4*w - 21853, 4*h - 4*w = 7*h - 21845. Is h composite?
False
Suppose -5*a + t = 900, 2*a + 227 + 133 = 2*t. Let n = 257 + a. Is n a composite number?
True
Suppose -2*i + 6*v - v = 5, -5*v + 5 = i. Let x(b) = -2*b. Let u be x(i). Suppose -r - r + 134 = u. Is r prime?
True
Suppose -10*p + 10083 = -20347. Is p prime?
False
Let u be 2/2*2*-225. Let l = -130 - u. Let a = -171 + l. Is a a composite number?
False
Suppose f + 2 = 0, 5*w - 663 = 4*f + 10. Let h = 30 + w. Is h a prime number?
True
Suppose 849 = 3*f + 582. Is f prime?
True
Let y = 481 + -302. Let w = y + -99. Suppose 40 = 3*r + 3*l - w, 170 = 5*r - 5*l. Is r a composite number?
False
Is (4452/8)/7*(-66)/(-9) a prime number?
False
Suppose -5*d - 3*h + 7 = 0, -2*d = -5*d - 2*h + 4. Suppose -d*i - 679 = -10497. Is i a composite number?
False
Suppose 12*r - 288708 = -108552. Is r a composite number?
False
Suppose 5*n = 5*m, 4*n - 2*m + 36 = -7*m. Let h(p) = -3 + 2 + 2 + 4*p + 4 + 36*p**2. Is h(n) prime?
False
Let a be 11/(3 - 14/5). Suppose -j = -a - 76. Is j composite?
False
Suppose c - b = -0*c + 189, -5*b = -15. Suppose -293 - c = -5*h. Is h a composite number?
False
Let h(t) = t**2 - t + 1. Let i(d) = d**3 + 2*d**2 - 3*d + 1. Let r(b) = -h(b) + i(b). Let z be r(-2). Suppose z*y - y = -371. Is y a prime number?
False
Suppose -4*q + 18780 = -2*l, 4*q - 5*l - 23470 = -q. Is (q/12)/((-6)/(-9)) a prime number?
True
Let f(t) = -23*t**3 - t - 1. Let m = -2 - -7. Suppose -2*i + 3*o - 2 = -3*i, m*i = 2*o - 7. Is f(i) prime?
True
Let s be 242/77 + (-1)/7. Suppose -s*v - 5161 = -5*p, 2*v = -0 - 4. Is p a composite number?
False
Suppose 4*l + 3 - 3 = 0. Let f(g) = g**3 - g**2 + 5039. Is f(l) prime?
True
Let a(j) = 19*j**2 + 10*j - 11. Is a(-9) prime?
False
Let m(r) = 155*r - 52. Let x be m(-6). Let y = x + 1593. Is y a prime number?
False
Let c(f) = f + 11. Let v be c(5). Suppose 2*p = v + 24. Is (-628)/10*p/(-8) prime?
True
Let p(l) = l**3 + 11*l**2 + 30*l - 1. Let f be p(-6). Suppose 4*s = 4*m - 8, 2 = 3*s + m - 0. Is 47 - s/(f - 1) a composite number?
False
Let t = -10061 + 21946. Is t composite?
True
Let m(n) = -7*n**2 + 2*n + 2. Let g be m(2). Let k = 198 - -77. Let p = g + k. Is p a prime number?
False
Let z be (-132)/3*66/(-24). Let v = z - 24. Is v prime?
True
Let q(s) = -3*s - 3. Let j = -7 + 5. Let f be q(j). Suppose -2*c + 614 = f*x - 3*c, -2*c + 396 = 2*x. Is x a composite number?
True
Let g(o) = o**2 - 8*o + 3. Let r be g(5). Let l be (9 + r)*(0 + 1). Is (-1)/(l - 110/(-37)) a prime number?
True
Let n(t) = 8*t**3 + 15*t**2 - t + 18. Let q(d) = -3*d**3 - 5*d**2 - 6. Let b(y) = -4*n(y) - 11*q(y). Let i be b(4). Is ((-2384)/(-24))/((-4)/i) a prime number?
True
Suppose 2*m + 13 = -3. Suppose 0 = -0*a + a + d - 787, -4*d = -4*a + 3148. Is (-12)/m - a/(-2) composite?
True
Suppose -3*z - 5*i - 43 = 0, i + 3 + 2 = 0. Let d(k) = -49*k - 3. Is d(z) composite?
True
Suppose 6*o - 5*o = v + 6, 0 = -3*v - 12. Is (-3 + (-114)/9)*(o + -41) prime?
False
Let d = -175 - -303. Let h = d - 17. Is h composite?
True
Let b(l) = -l**3 + 6*l**2 + 2*l - 5. Let v be b(6). Suppose -4*f +